) = i - 2. Let h be j(-4). What are the prime factors of k(h)?
2, 7
Let w(z) be the first derivative of 2*z**2 - 4*z + 1. What are the prime factors of w(4)?
2, 3
Suppose 2*a + 70 = -5*n - 3*a, 2*n + 28 = 4*a. List the prime factors of n/(-2) - (-9)/(-3).
2
Suppose -2*s + 8 + 10 = 0. What are the prime factors of (s - 8)/(2/60)?
2, 3, 5
Let g(b) = -1 + 20*b**2 + 2*b - b + b. List the prime factors of g(1).
3, 7
Suppose -4*b = -3*p - 11, p - 2*p = -3. Let u = 13 - b. List the prime factors of u.
2
Suppose -35 = -5*n + 3*g, 3*n - 15 = -5*g + 40. What are the prime factors of n?
2, 5
Suppose 5*y - 25 = 0, z - 470 = -2*z - y. What are the prime factors of z?
5, 31
Let n(a) = 7*a**3 - 2*a**2 + 4*a - 3. Let w(k) = -k**2 - 6 + k**2 + 5*k + 7*k**3 + 2 - 2*k**2. Let v(d) = 5*n(d) - 4*w(d). List the prime factors of v(1).
2, 3
Suppose -4*p + 108 = -2*i, 5*p - 2*i + 4*i - 153 = 0. List the prime factors of p.
29
List the prime factors of (778/18 + 2/(-9))*2.
2, 43
Suppose 0 = -z - z. Suppose 3*a + q + 0*q - 10 = z, a = -2*q + 5. Let d(s) = s**3 - 2*s**2 - 3*s + 4. List the prime factors of d(a).
2
Let i be (-10)/(-1 + 4/(-4)). Suppose -4 = -4*o, -i*x + 4*o = -0*o - 66. What are the prime factors of x?
2, 7
Let a be (1 + 0)/((-9)/9). What are the prime factors of ((-11)/2)/a*4?
2, 11
Suppose -c = -5*u + 13, 2*u + 13 = 5*c + 3*u. Suppose 85 + 0 = 5*f - 5*x, f - c*x - 21 = 0. List the prime factors of f.
13
Suppose 3*d + 0*d + 4*v = 28, 2*d - 17 = -v. List the prime factors of d.
2
Let c(q) = q**3 - 10*q**2 + 8*q + 13. Let p be c(9). List the prime factors of 20 - (-1)/((-2)/p).
2, 3
Let x be ((-5)/2)/((-1)/(-2)). Let h = 8 + x. Suppose 2*r - 78 + 18 = -5*l, 2*l - h*r - 5 = 0. What are the prime factors of l?
2, 5
Let f(p) = 8*p + 36. List the prime factors of f(15).
2, 3, 13
What are the prime factors of (0 - (-52)/3)/(32/48)?
2, 13
Suppose -3*i - t = -3*t - 307, -4*t = 4*i - 396. What are the prime factors of i?
101
Suppose -2*u - 15 = -u. What are the prime factors of (-65)/(-3) + (-5)/u?
2, 11
Suppose 0 = -3*p + 2*p + 63. What are the prime factors of p?
3, 7
Suppose 8*m - 190 = 3*m. Suppose 2*s = s + m. What are the prime factors of s?
2, 19
Suppose -m - 6 = -4*m. Suppose 0 = -m*p - p + 75. List the prime factors of p/3 + 6/9.
3
Suppose 4*a - 3*a - 2*w = 18, w + 37 = 4*a. List the prime factors of a.
2
Suppose -8 = 4*k + 12. Let l(b) = b**2 + 5*b + 5. List the prime factors of l(k).
5
Let f be (-4)/(-6) - (-26)/6. Let v(a) = 3*a - 82. Let o be v(28). Suppose 0 = -4*b + 4*d + f + 19, 0 = -5*b - 2*d + o. What are the prime factors of b?
2
Let s = 11 - 3. Suppose -8 = -2*o + s. List the prime factors of o.
2
Let v(r) = 2*r**2 + 3*r - 9. What are the prime factors of v(-4)?
11
Let s be (7 - -3)*(-3)/2. Let g be (-3)/(-5) + (-186)/s. Let n = 23 - g. List the prime factors of n.
2, 5
Let x = -2 - -6. Suppose t = 2*o + 2*t - 48, 0 = 2*o + x*t - 42. What are the prime factors of o?
5
Suppose 0 = -5*x + 4*f + 120, 2*x - f = -x + 79. List the prime factors of x.
2, 7
Suppose 2*l - 40 = 5*s, 0 = -5*l - 4*s + 1 + 33. Let j be 6/(-15)*-1*l. What are the prime factors of (7/4)/(j/16)?
7
Let o = 7 - 3. Suppose -x - x + 5*y + 53 = 0, -x - o*y - 6 = 0. List the prime factors of x.
2, 7
Let k be 3*(-2 - (-4 + 1)). Suppose 0 = -4*p + 5*j - 28, p - 14 = -k*j - j. What are the prime factors of -26*2/(-4) + p?
11
Suppose f + 4*b = 8*b + 14, 0 = 3*f + 3*b - 27. Let k(v) = -v + 23. List the prime factors of k(f).
13
Suppose 4*u - 48 = m + 836, -452 = -2*u + 3*m. What are the prime factors of u?
2, 5, 11
Let k(z) = 2*z**3 + 4*z - 3. Let x be k(2). Suppose 5*v + x = 111. What are the prime factors of v?
2, 3
Let w = 15 + 21. Let r = w + -24. Suppose -r = 4*g - 68. What are the prime factors of g?
2, 7
List the prime factors of (5 - 8) + 182*1.
179
Suppose -s = s - 8. Suppose s*y + 3*u - 55 = 2*u, 4*y = -2*u + 58. List the prime factors of y.
13
Let o be (4 + -1 + -4)*1. Let k be o/(-7) + (-726)/(-14). Suppose -5*i + k = -2*l, i + 2*l = -0*i + 20. What are the prime factors of i?
2, 3
Let k(d) = 3*d**2 + 8*d - 5. Let v(s) = 8*s**2 + 24*s - 14. Let g(l) = -11*k(l) + 4*v(l). Let h be g(7). What are the prime factors of 2/h - 44/(-12)?
2
Suppose 4*f + 354 = 3*y - f, 5*y + f - 590 = 0. What are the prime factors of y?
2, 59
Let l be (-8)/(-12) + (-4)/6. Let b(p) = p**3 - p**2 - p + 4. What are the prime factors of b(l)?
2
Let s(k) = -2*k - 8. Let v be s(-4). Suppose v = -b + 3*x + 34 - 0, 2*x + 34 = b. List the prime factors of b.
2, 17
Suppose -n - 2*y + 54 - 2 = 0, -y + 173 = 4*n. What are the prime factors of n?
2, 3, 7
Let k = -56 + 117. List the prime factors of k.
61
Let j be (75/9)/(1/93). What are the prime factors of (-4)/18 - j/(-45)?
17
Let i be 3*-1*(-8)/12. List the prime factors of (i - (0 - 3))*5.
5
Let y(n) = -n - 7. Let i be y(-5). What are the prime factors of 1*i*(-11)/2?
11
Suppose u + 20 = -4*u. What are the prime factors of 106/4 + u/8?
2, 13
Suppose 0 = 3*k + k + 4. Let n be 1/(-3 + (k - -3)). Let v = n - -9. What are the prime factors of v?
2
Let y(g) = -4 + 9*g + g + 5. Let n = -2 + 3. List the prime factors of y(n).
11
Let m(l) be the second derivative of -7/6*l**3 - 3*l - l**2 - 1/12*l**4 + 0. What are the prime factors of m(-6)?
2
Let i = 13 + -8. Suppose 3*h - 58 = i*q, -4*h = -2*h + q - 17. List the prime factors of h.
11
Suppose -4*j = -1 + 13. What are the prime factors of (-4)/(-4) - (j - -2)?
2
Let l = -235 - -340. List the prime factors of l.
3, 5, 7
Let u(k) = k**3 - 6*k**2 + 2*k. Suppose 0 = -2*d - 2*d + 16, -4*j + 3*d = -32. Suppose 3*m = 2*a + 3, -2*a - m = -a - j. What are the prime factors of u(a)?
2, 3
Let p(g) = 10*g + 5. Let o(m) = 9*m + 4. Let x(n) = -4*o(n) + 3*p(n). Suppose 2 = 4*j + 5*v - 4, j + v - 1 = 0. List the prime factors of x(j).
5
Let y(x) = x + 3. Let s be y(3). List the prime factors of 2/6 - (-58)/s.
2, 5
Suppose 0 = d + 3*d - 20. Suppose 4*p + 36 = d*t + 156, -t - 3*p = 43. Let y = t - -39. What are the prime factors of y?
11
Let u be (-6)/(45/12 - 3). Let h be u/(1/1 - 3). Suppose h*j - 24 - 52 = 0. What are the prime factors of j?
19
Let y be (-9)/(-2)*(-10)/(-15). Suppose 4 = -2*i, 3*u - 88 = y*i - 4*i. Suppose 4*d = 22 + u. What are the prime factors of d?
13
Let z = 25 - 15. What are the prime factors of z?
2, 5
Suppose t - 12 = -s, -t - 5*s = -0 - 4. What are the prime factors of t?
2, 7
Let c(z) be the second derivative of -z**5/20 + z**4/12 - z**3/6 + z**2 + 4*z. List the prime factors of c(0).
2
Let w = 15 + -9. Let t = -1 + 3. Let q = w - t. List the prime factors of q.
2
Suppose 3*j + 6 = 0, j + 8 = 2*x - 26. Suppose 4*z + 6 - 26 = -5*p, -4*p + x = z. Suppose z*a = 2*a - 6. List the prime factors of a.
3
Suppose 4*d = 7 + 5, 2*b + d = 513. List the prime factors of b.
3, 5, 17
Let l = -3 + 5. Let u be (l/(-1) - -4) + 3. Suppose 27 + u = 4*x. List the prime factors of x.
2
Let l(v) = 2*v**2 - 3*v + 1. Let w be l(3). List the prime factors of 6/w - 274/(-10).
2, 7
Let s(x) = 6*x**2 - 2*x + 1. List the prime factors of s(1).
5
Suppose -6*g + 5*g + 41 = 0. What are the prime factors of g?
41
Let w = -5 - -5. Suppose -2*q - 5 = -3*q, w = 3*g + 4*q - 56. List the prime factors of g.
2, 3
Suppose 0 = c - 14 - 26. What are the prime factors of c?
2, 5
Suppose 2*i = t + 2*t + 13, -2*t + 5*i = -6. Let u be t/2 - (-4)/(-8). List the prime factors of 22/3*(-6)/u.
11
Let v(w) = -w**3 + 7*w**2 - 8*w + 4. What are the prime factors of v(5)?
2, 7
Suppose 2*m - 57 + 21 = 0. Suppose 2*t - 5 = 3*g + m, 0 = g + 1. What are the prime factors of t?
2, 5
Let a be 2 - (-21)/(-4 - -1). Let c(s) = -s**3 - 5*s**2 + 4*s + 5. Let h be c(a). List the prime factors of (3 + h)/((-6)/8).
2
Suppose -k + 0 - 1 = 0. Let g be 2/1 - (k + -3). What are the prime factors of (-9)/g - (-13)/2?
5
Let p(d) = 17*d - 2. What are the prime factors of p(3)?
7
Suppose -g + 20 = -5*g. Let p = 5 + g. Suppose p = -9*a + 4*a + 20. List the prime factors of a.
2
Let c(n) = -22*n**3 + 4*n + 13. What are the prime factors of c(-2)?
181
What are the prime factors of ((-2)/(6/(-9)))/(33/1991)?
181
Let u(b) = -b**2 - 12*b + 17. Let t be u(-13). Suppose -3*j = -3*y + 33, t*j + 34 = 2*y - j. What are the prime factors of y?
7
Suppose -5*c + 656 = 3*c. List the prime 